 units digit of u(w)?
2
Let g = 5 - 0. Let m = g + -1. Let z(x) = -x**3 + 4*x**2 + 2*x - 2. What is the units digit of z(m)?
6
Let y be 0/1*6/12. Suppose y*t - 15 = -u - t, -5*t + 5 = -2*u. What is the tens digit of u?
1
Suppose -j + 83 = m, m = j + 45 + 30. What is the tens digit of m?
7
Let w(t) = t**3 + 4*t**2 + t + 4. Let v be w(-3). Let i = v - 6. What is the units digit of i?
4
Let p = 14 - -4. What is the units digit of p?
8
Suppose 0 = -5*l + 2 - 22. Let w be (-14)/l - (-1)/2. Suppose -w*m + 17 + 23 = 0. What is the tens digit of m?
1
Let h be 4/(-24) - (-2)/12. Suppose h = 2*r - 5*k + 2*k - 26, 44 = 5*r + 3*k. What is the units digit of r?
0
Let r(h) = -3*h + 2. Let d(u) = -4*u + 2. Let v(n) = 4*d(n) - 5*r(n). Let f(z) = -2*z - 1. Let y be f(1). What is the units digit of v(y)?
1
Suppose -g - 4*h + 2*h = -9, 5*g + 3*h - 10 = 0. Let s = g - -1. Suppose -4*l + y + y + 26 = s, 0 = 5*l - 5*y - 45. What is the units digit of l?
4
What is the tens digit of 27 + -2 + 2 - 3?
2
Suppose 2*p - 4*m - 52 = 0, -2*m = -4*p + 92 + 42. What is the tens digit of p?
3
Suppose 0 = -3*o - o. Suppose 4*x - 4 = 2*m, m - 5*x + 8 = -o*m. What is the units digit of m?
2
Let l(w) = w**3 - 6*w**2 - 7*w + 3. Let h be l(7). Let i(s) be the first derivative of s**3/3 - 1. What is the units digit of i(h)?
9
Let l(z) = z**3 + 10*z**2 - 14*z - 11. What is the tens digit of l(-11)?
2
Suppose 2*p + 5*m = 33, 2*p - m = 6 - 3. What is the units digit of p?
4
What is the units digit of 224/6 - (-14)/(-42)?
7
Let y = 5 + -5. Suppose -5*j + y*j + 125 = 0. Let m = 42 - j. What is the units digit of m?
7
Let p be 2 - (2 - 1) - -1. Suppose -44 = -4*f - 4*a, -p*f - f + 41 = a. What is the units digit of f?
5
Suppose 5*z - 3*c = -15, -2*c = -5*c. Let s be 2 - 1/(-1)*3. Let u = s + z. What is the units digit of u?
2
Suppose 3*h = 5*s + 79, 25 = 3*h - s - 46. What is the units digit of h?
3
Let y = 11 + -10. Let u be -1 - (0/y - 3). Suppose -u*n - 12 = -4*i, -2*i + 2*n + 4 = -0*n. What is the units digit of i?
4
Let l(t) = -8*t + 32 - 32 - t**2. What is the units digit of l(-4)?
6
Let o(q) = q**3 + 4*q**2 + 2*q + 3. Let c be o(-3). What is the units digit of 206/6 - 2/c?
4
Let o = 1 + -1. Let i = 6 - o. What is the units digit of i?
6
Suppose 0 = -3*l - 2*p + 764, 4*l - 1256 = -l + p. What is the hundreds digit of l?
2
Let x(i) = -i**2 - 9*i + 7. Let y be x(-9). Suppose 3*n - y = 2*n. What is the units digit of n?
7
Let v = -15 - -18. What is the units digit of v?
3
Suppose 5*j - 37 - 139 = -2*t, -88 = -t - 5*j. What is the tens digit of t?
8
Let m = 7 - 5. Suppose -5*k - m*i = -4*i - 24, 8 = -4*i. Suppose -k*z + 53 = 5*j, -8 = -4*z + 4*j - 0. What is the units digit of z?
7
Let u = 6 + -5. Suppose -m + 2 + u = 0. What is the units digit of (2/m)/(2/36)?
2
Let b(j) = -j + 5. Let o = -36 + 26. What is the tens digit of b(o)?
1
Let m(b) = 9*b**2 + 17*b + 12. Let x(f) = 4*f**2 + 8*f + 6. Let u(l) = -3*m(l) + 7*x(l). What is the units digit of u(-5)?
6
What is the units digit of ((-4)/1 - -4) + 14?
4
Suppose 4*w - 183 = w. What is the units digit of w?
1
Suppose 3*z + z = 0. Suppose 0 = -m - m. Suppose -5*x + m*x + 35 = z. What is the units digit of x?
7
Let p = 183 + 82. What is the hundreds digit of p?
2
Let n = 3 - 1. Suppose -1 = -n*t - 13. Let w = 10 + t. What is the units digit of w?
4
Let z be 10 + 1*(-3 - -2). Let d(v) = v**3 - v + 1. Let s(i) = -2*i**3 - 10*i**2 + 12*i + 4. Let l(a) = 3*d(a) + s(a). What is the units digit of l(z)?
7
Suppose 2*i + m = 6*i - 54, 5*i - m = 67. Suppose -5*k + 12 = -i. Suppose d = 2 + k. What is the units digit of d?
7
Suppose -2*m - 4 = 3*c, -21 = c - 4*c + 3*m. Suppose -c*g = 3*g - 65. What is the tens digit of g?
1
Let p(h) = -h - 4. Let g be p(-4). Suppose 2*l = -g*l + 10. Suppose -28 = -q - 2*q + 2*d, 4*q - l*d = 35. What is the tens digit of q?
1
Let d(j) = j**3 - 3*j**2 - j + 4. Let x be d(3). Let s = x - -2. Let l(r) = 4*r - 2. What is the units digit of l(s)?
0
Let f be (-18)/(-8) + (-1)/4. Let a(c) = 2*c - 4 - f + 0*c. What is the units digit of a(6)?
6
Let m(w) = 2*w**2 - 8*w - 5. What is the tens digit of m(6)?
1
Suppose 4*c + 76 = 4*l + 16, -5 = -5*c. Suppose -x - 4*q = -l, -4*q = -3*x + 4 + 28. What is the tens digit of x?
1
Suppose 4*v = h + 10, 2*h = -h + v + 25. Let m = -2 + h. What is the units digit of m?
8
Suppose 4*d + 4*v = 4, -3*d - 5*v + 0*v = -1. Let n be d/(-12)*14*-18. Let h = n + -23. What is the units digit of h?
9
Let p(i) = 2*i**2 + 8*i + 18. What is the tens digit of p(-7)?
6
Let t(o) be the second derivative of 3*o**4/4 - o. Let j be t(-1). Suppose 0 = 2*u + j - 29. What is the tens digit of u?
1
Suppose -3 - 14 = -w. Let y = 12 - w. What is the units digit of (y/(-3))/(2/6)?
5
Suppose 3*d + 5*y - 29 = 0, d + 2*y = 6*d - 38. What is the units digit of d?
8
Let b = 84 + -42. Let p = -29 + b. What is the tens digit of p?
1
What is the tens digit of (-2)/(-7) + (-708)/(-21)?
3
Let v(g) be the first derivative of g**3/3 - 2*g**2 + 3*g + 2. Let y be v(3). Suppose y = -3*s + 4 + 35. What is the tens digit of s?
1
Let m(v) be the second derivative of v**5/20 - v**4/12 - v**3/2 - 2*v**2 - 2*v. What is the units digit of m(4)?
2
Suppose 3*r = c - 6*c + 117, -4*r - 4*c = -148. What is the units digit of r/4 - 3/2?
7
What is the units digit of (-1 - -2) + (1*14 - 0)?
5
Suppose 0 = -4*s + n + n + 16, 2*s + 4*n = 28. What is the tens digit of (2/s)/((-10)/(-450))?
1
Let s(u) = -u**2 - 2*u + 4. Suppose 2*o - 6*o - 12 = 0. What is the units digit of s(o)?
1
Suppose 8*v = 3*v + 10. Let x(j) = -9*j - 6*j**2 + j**3 + 9 + v*j + 13*j**2. What is the units digit of x(-8)?
1
What is the tens digit of ((-6)/4 + 1)/(8/(-1840))?
1
Let i(v) = -v**2 - 4*v + 25. What is the units digit of i(-6)?
3
Suppose 3*d - 6 = -3*q + 21, -5*q + 25 = 0. Suppose -15 = -d*c + 5. Suppose -3*p = -u - 9 - 4, c*p = -u + 19. What is the units digit of p?
4
Let v(k) = -k**3 - 2*k**2 + 8*k + 12. What is the units digit of v(-6)?
8
Let m(c) = 5*c - 18. Let i(v) = -4*v + 17. Let k(f) = f. Let s be k(4). Let n(o) = s*i(o) + 3*m(o). What is the units digit of n(6)?
8
Suppose -4*p + 34 = -58. What is the units digit of p?
3
Let f(p) = p**2 + 7. What is the tens digit of f(5)?
3
Let z = -2 - 14. Let d = 42 + z. What is the units digit of d?
6
Let j be 1 + 1 - (-2 - -14). Let u be 1/5 + 72/j. What is the units digit of (-58)/(-7) - (-2)/u?
8
Let o(t) = -4*t - 1. Let p be o(-1). Let v = p + -8. Let c(g) = g**3 + 4*g**2 - 7*g - 6. What is the units digit of c(v)?
4
Let i = -4 + 3. Let b(m) = -16*m**3 - m**2 - 2*m - 1. What is the units digit of b(i)?
6
Suppose 4*h + 5*m - 75 = 2*h, -4*h + 3*m + 85 = 0. Let k = h - 17. What is the units digit of k?
8
Let z = -68 + 131. What is the tens digit of z?
6
Suppose 3*r - 6 = -18. What is the units digit of (0 - 2 - 0)*r?
8
Let b = -67 + 51. Let z(t) = -34*t - 1. Let u be z(-1). Let v = b + u. What is the units digit of v?
7
Let m = -52 - -89. What is the units digit of m?
7
Suppose -3*m + 101 + 280 = 0. What is the hundreds digit of m?
1
Let y = 27 - -4. What is the tens digit of y?
3
Suppose -2*i = 3*r - 4*r + 45, 0 = -4*r - i + 153. What is the units digit of r?
9
Let q(i) = -i + 5. Let x(n) = -2*n + 6. Let u(s) = 5*q(s) - 4*x(s). Let p be u(7). Let d = p + -13. What is the units digit of d?
9
Let s(k) = -k**3 + 15*k**2 - 19*k + 3. Let n be s(13). Suppose 4*i - n = 26. What is the units digit of i?
0
Suppose 2*y = -2*y - 116. Let d = y - -45. What is the units digit of d?
6
Let r(p) = p - 5. Let v be r(10). Suppose -v*t - 6 - 19 = 0, -5*d = -4*t - 205. What is the tens digit of d?
3
Let l(o) = o**2 - 7*o + 6. Let n be l(6). Let f = 5 - n. Suppose -3*p - f*x + 2 = 0, -2*p + 13 = -4*x - 3. What is the units digit of p?
4
Let c(t) = -t**3 + 9*t**2 + 14*t - 12. What is the tens digit of c(10)?
2
What is the units digit of -2 - (5 + -45) - -1?
9
Suppose -3*y + 8 = -16. Suppose h - y = -4*n + 12, 5*n = h - 29. Suppose 0 = 3*o + o - h. What is the units digit of o?
6
Suppose 5*p = -5*q + 40, -p + 4*q + 40 = 4*p. What is the units digit of p + 1 - (1 + 0)?
8
Suppose 3*h + 0*l + 3*l = -144, 6 = 3*l. What is the tens digit of (-590)/h - (-2)/10?
1
Suppose -f + 2*p + 3*p - 7 = 0, -2*p + 10 = 2*f. Suppose f*s = 2 + 4. What is the units 